 806*f - 4000. Calculate a(5).
-1420
Let c(w) = -8*w**2 + 309*w + 430. What is c(40)?
-10
Let s(k) = 1648*k - 33579. What is s(20)?
-619
Let r(h) = 182250*h - 1640278. Determine r(9).
-28
Let n(g) = 95*g**2 - 21901*g - 87616. What is n(-4)?
1508
Let o(p) = 103152*p - 824662. Determine o(8).
554
Let o(r) = -1688*r - 504705. Calculate o(-299).
7
Let f(i) = 463*i - 151587. Calculate f(329).
740
Let u(n) = -n**2 - 20229*n + 668634. Determine u(33).
-12
Let a(q) = -q**3 + 58*q**2 + 918*q + 366. Calculate a(71).
11
Let m(x) = -x**2 + 434*x + 10564. Calculate m(-25).
-911
Let b(a) = 289*a**2 + 1089*a - 5450. Give b(5).
7220
Let c(f) = -3*f**3 - 638*f**2 - 1063*f - 1743. Give c(-211).
-55
Let g(k) = -k**2 - 40555*k + 283933. Determine g(7).
-1
Let t(d) = 95329*d - 762598. Determine t(8).
34
Let l(i) = 17*i**3 + 234*i**2 - 62*i - 95. Calculate l(-14).
-11
Let a(m) = 40*m**2 + 609*m + 4217. Give a(-7).
1914
Let w(b) = -498*b**2 + 732*b - 731. Determine w(1).
-497
Let s(p) = -1924*p + 13199. Give s(7).
-269
Let u(x) = -4*x**2 + 487648*x + 975302. Determine u(-2).
-10
Let i(v) = 750*v + 227247. Determine i(-303).
-3
Let v(x) = -1379*x - 29161. Calculate v(-21).
-202
Let s(t) = -t**3 + 5*t**2 - 79*t + 559. Calculate s(8).
-265
Let q(w) = -11*w**2 - 153*w + 443. Calculate q(-19).
-621
Let w(u) = -2*u**3 + 188*u**2 - 1845*u - 97. Calculate w(11).
-306
Let s(g) = -487*g + 13885. Give s(29).
-238
Let m(c) = -c**3 + 49*c**2 - 90*c - 144. Give m(47).
44
Let s(m) = -200*m**2 - 6*m - 78. Give s(4).
-3302
Let o(h) = -460*h**3 - 11513*h**2 - 324*h + 19. What is o(-25)?
-6
Let z(o) = 6*o**3 + 35*o**2 + 13*o + 13. Give z(-5).
73
Let r(n) = -263*n**2 - 148849*n + 5089. Determine r(-566).
-5
Let r(l) = -225*l**2 - 14333*l - 9951. Give r(-63).
3
Let c(z) = 2743*z + 183924. Calculate c(-67).
143
Let r(f) = -27*f**3 + 217*f**2 - 17*f + 70. Give r(8).
-2
Let c(y) = 258*y**2 - 1531*y - 88. Give c(6).
14
Let y(g) = 2*g**3 + 526*g**2 + 15958*g - 386. Determine y(-228).
70
Let j(g) = -4095*g + 1179431. Determine j(288).
71
Let z(k) = -38406*k - 384074. Determine z(-10).
-14
Let v(c) = 2*c**2 - 190*c - 2551. Determine v(-12).
17
Let m(r) = 2063*r + 270166. Calculate m(-131).
-87
Let y(m) = 6*m**3 + 403*m**2 + 73*m + 323. Determine y(-67).
-79
Let z(y) = y**2 - 43*y + 231. Give z(21).
-231
Let t(x) = 59*x + 3931. Determine t(-36).
1807
Let n(s) = 3584*s + 13566. Give n(-4).
-770
Let n(l) = 171*l - 23492. Determine n(137).
-65
Let y(j) = 67*j - 893. Give y(14).
45
Let l(i) = 364025*i + 12740866. Give l(-35).
-9
Let q(t) = -12*t**3 - 893*t**2 - 1241*t - 28. Determine q(-73).
-28
Let h(y) = 2*y**3 - 30*y**2 - 112*y + 31. What is h(18)?
-41
Let a(v) = -3*v**3 + 802*v**2 + 6309*v + 4001. Calculate a(275).
-399
Let b(r) = -12145*r - 39. What is b(0)?
-39
Let p(j) = -315*j + 227. Give p(2).
-403
Let p(q) = q**3 - 259*q**2 + 14988*q + 24156. Calculate p(170).
16
Let o(q) = 17*q**2 + 1045*q - 16417. Give o(13).
41
Let l(n) = -10*n**2 + 70*n - 465. What is l(8)?
-545
Let l(f) = 23*f**2 + 7665*f - 31012. Calculate l(4).
16
Let k(y) = 416*y**2 - 22052*y + 134. What is k(53)?
-78
Let b(u) = -47*u**2 + 364*u + 1657. What is b(11)?
-26
Let c(z) = 8143*z**2 - 374580*z + 95. What is c(46)?
3
Let z(a) = -147*a + 7936. Determine z(54).
-2
Let z(g) = 538*g - 60819. Give z(113).
-25
Let s(o) = -71*o**2 - 547*o + 2714. Give s(5).
-1796
Let m(l) = 11*l - 363. What is m(9)?
-264
Let u(t) = 3*t**2 + 681*t + 32158. Calculate u(-67).
-2
Let m(x) = -2*x**3 + 639*x**2 - 403*x + 26736. Determine m(319).
-60
Let g(a) = -272056*a - 1904388. What is g(-7)?
4
Let g(b) = 63*b**2 + 787*b - 12190. What is g(9)?
-4
Let z(i) = -47747*i + 286484. Calculate z(6).
2
Let l(y) = -50*y**2 - 855*y - 2622. What is l(-4)?
-2
Let y(a) = -6*a**3 + 7*a**2 - 6072*a - 12162. Calculate y(-2).
58
Let a(z) = 502*z + 25101. Calculate a(-50).
1
Let k(r) = 41*r**2 - 3681*r - 33045. Give k(98).
-19
Let p(u) = -32*u**3 + 5*u**2 - 11538*u + 11537. Determine p(1).
-28
Let g(p) = p**3 + 115*p**2 + 444*p - 74. Calculate g(-111).
-74
Let m(h) = 13*h**2 + 212*h - 2387. Give m(12).
2029
Let u(r) = r**3 - 102*r**2 + 325*r - 12812. Determine u(100).
-312
Let f(r) = 4*r**2 + 10656*r - 53368. Determine f(5).
12
Let j(z) = -4*z**3 + 38*z**2 + 86*z - 968. Determine j(9).
-32
Let d(a) = -2*a**3 - 53*a**2 + 188*a - 332. Give d(-30).
328
Let m(r) = -16*r + 198. What is m(-44)?
902
Let i(s) = 8*s**2 - 165*s - 2573. What is i(31)?
0
Let s(w) = 61379*w + 184221. Give s(-3).
84
Let n(t) = 56141*t - 336846. Give n(6).
0
Let y(o) = 56*o**3 + 504*o**2 - 49*o - 684. Determine y(-9).
-243
Let s(x) = -x**3 - x**2 - 52*x - 659. Determine s(-8).
205
Let q(v) = 6*v**2 + 950*v - 918. Determine q(-159).
-282
Let s(z) = -1060*z**2 + 1726*z - 1728. Determine s(1).
-1062
Let b(t) = t**2 + 33233*t + 299044. Determine b(-9).
28
Let o(b) = -1774*b - 6404. What is o(-4)?
692
Let o(p) = 4*p**2 + 1761*p + 7004. Give o(-4).
24
Let n(p) = 1034*p + 54726. Determine n(-53).
-76
Let h(u) = 194022*u - 1940207. Calculate h(10).
13
Let j(p) = 2*p**2 - 477*p - 9989. What is j(-21)?
910
Let f(j) = -1156*j + 114443. Give f(99).
-1
Let t(k) = -210477*k - 210482. Give t(-1).
-5
Let p(c) = -c**3 + 65*c**2 - 583*c + 1416. Calculate p(5).
1
Let v(o) = o**3 - 37*o**2 - 534*o + 220. Calculate v(48).
-68
Let r(f) = -12*f**2 - 124*f - 383. Calculate r(-13).
-799
Let a(f) = 7216*f + 72149. Give a(-10).
-11
Let p(i) = -797*i + 41543. What is p(52)?
99
Let c(u) = -2*u**2 + 264*u + 3564. Give c(-13).
-206
Let b(r) = r**2 + 168*r + 5805. Determine b(-94).
-1151
Let k(s) = 4*s**3 - 19*s**2 + 329*s + 2268. Calculate k(-6).
-1254
Let w(u) = 2463*u + 12246. What is w(-5)?
-69
Let z(f) = -166*f - 39174. Calculate z(-236).
2
Let g(r) = 11*r**2 + 383*r + 2330. What is g(-27)?
8
Let l(s) = 2*s**3 - 265*s**2 + 393*s + 532. Give l(131).
532
Let o(t) = 200*t - 502. Determine o(9).
1298
Let l(u) = -1175*u + 1367. What is l(3)?
-2158
Let d(s) = 278*s + 32317. What is d(-116)?
69
Let i(u) = -u**2 - 700*u - 77849. Calculate i(-562).
-293
Let m(u) = -u**3 - 49*u**2 + 1034*u + 38725. Give m(-55).
5
Let y(z) = -3167384*z - 3167394. Calculate y(-1).
-10
Let r(v) = -10624*v + 1986683. Determine r(187).
-5
Let j(o) = -14705*o - 191202. What is j(-13)?
-37
Let g(c) = 74*c**3 + 3*c**2 + 33*c + 30. What is g(-1)?
-74
Let q(f) = -f**2 + 300*f + 15240. What is q(-43)?
491
Let n(j) = 123*j + 16093. Calculate n(-131).
-20
Let z(l) = -2*l**3 + 15*l**2 - 20*l - 121. Determine z(-5).
604
Let v(y) = y**3 - 28*y**2 - 1515*y + 42363. Give v(39).
9
Let i(l) = l**3 - 64*l**2 + 628*l - 157. Give i(52).
51
Let n(i) = -i**3 + 18*i**2 - 24*i - 18. Calculate n(8).
430
Let d(l) = 1130*l + 14713. Determine d(-13).
23
Let y(p) = -p**3 + 126*p**2 - 124*p + 1165. Give y(125).
1290
Let p(l) = -2*l**3 + 21*l**2 - 1112*l + 11011. Calculate p(10).
-9
Let z(x) = -117*x**3 + 164*x**2 + 157*x - 7. Give z(-1).
117
Let o(i) = 25*i**2 + 884*i + 34. Calculate o(-35).
-281
Let v(d) = 509694*d - 13252045. Determine v(26).
-1
Let o(d) = d**3 + 60*d**2 - 200*d - 955. Calculate o(-63).
-262
Let p(z) = -101*z + 718. Give p(-4).
1122
Let w(d) = -d**3 + 134*d**2 - 696*d - 558. Calculate w(6).
-126
Let q(c) = -c**3 + 150*c**2 - 695*c + 127746. Calculate q(151).
0
Let k(r) = -13*r**2 + 3474*r + 10079. Determine k(270).
359
Let d(r) = -9400*r - 883590. Give d(-94).
10
Let u(y) = -29*y**2 - 411*y - 1051. Calculate u(-3).
-79
Let n(k) = -3262*k - 48476. Calculate n(-15).
454
Let t(i) = -i**3 + 2*i**2 + 382*i + 425. Calculate t(22).
-851
Let w(s) = 12*s**3 + 16*s**2 - 5*s + 601. Determine w(0).
601
Let m(g) = -13523*g - 30207. What is m(-2)?
-3161
Let x(f) = -698*f - 46691. Calculate x(-67).
75
Let x(p) = -4*p**3 - 136*p**2 - 1025*p + 1742. Calculate x(-15).
17
Let a(w) = -2*w**3 + 27*w**2 - 15*w - 278. Give a(12).
-26
Let l(s) = 5*s**3 + 2*s**2 + 6*s + 198. What is l(-6)?
-846
Let i(k) = 1542*k**2 + 26237*k + 285. Give i(-17).
-106
Let q(w) = 5*w**3 + 6*w**2 - 51*w - 71. What is q(-4)?
-91
Let z(h) = 2549*h**2 + 94314*h + 44. What is z(-37)?
7
Let o(j) = -5*j**2 + 1112*j - 3342. Give o(3).
-51
Let x(n) = -868*n + 6695. Calculate x(9).
-1117
Let s(u) = -u**3 + 20*u**2 + 59*u + 141. Give s(22).
471
Let i(z) = -z**2 - 419*z - 9247. Calculate i(-25).
603
Let a(h) = -421*